t fe (base 16) to base 12.
192
What is 20 (base 5) in base 15?
a
What is 346 (base 7) in base 14?
cd
What is -36 (base 9) in base 10?
-33
-3 (base 6) to base 10
-3
110 (base 8) to base 9
80
Convert -25 (base 8) to base 16.
-15
Convert -7 (base 13) to base 2.
-111
What is -2 (base 12) in base 15?
-2
3 (base 13) to base 7
3
What is -146 (base 7) in base 3?
-10002
What is -1f (base 16) in base 5?
-111
Convert -1 (base 7) to base 16.
-1
What is 2 (base 4) in base 2?
10
What is 3221 (base 4) in base 11?
1a2
2 (base 9) to base 4
2
-1032 (base 4) to base 7
-141
What is 8e (base 15) in base 9?
158
-c (base 15) to base 2
-1100
-23 (base 10) to base 7
-32
123 (base 4) to base 12
23
Convert 25 (base 9) to base 11.
21
10 (base 3) to base 5
3
What is 4 (base 15) in base 12?
4
What is 1 (base 9) in base 11?
1
What is 42 (base 11) in base 7?
64
Convert 0 (base 2) to base 7.
0
What is 9d (base 16) in base 7?
313
1111 (base 2) to base 16
f
What is -410 (base 5) in base 13?
-81
What is 16 (base 8) in base 6?
22
What is 20 (base 6) in base 7?
15
111 (base 2) to base 16
7
What is 43 (base 12) in base 6?
123
What is -ac (base 14) in base 7?
-305
What is 17 (base 14) in base 9?
23
What is -13 (base 9) in base 10?
-12
Convert a5 (base 11) to base 15.
7a
Convert -144 (base 8) to base 2.
-1100100
What is 29 (base 12) in base 10?
33
-10 (base 11) to base 5
-21
Convert 1010 (base 2) to base 8.
12
Convert -1 (base 10) to base 14.
-1
Convert 3 (base 11) to base 12.
3
Convert 240 (base 7) to base 13.
99
-62 (base 9) to base 6
-132
Convert -38 (base 11) to base 2.
-101001
Convert 5 (base 10) to base 13.
5
What is -28 (base 13) in base 12?
-2a
-21 (base 15) to base 10
-31
What is -32 (base 10) in base 12?
-28
-1 (base 14) to base 8
-1
What is 3 (base 11) in base 10?
3
4 (base 6) to base 4
10
16 (base 7) to base 13
10
-30 (base 6) to base 8
-22
Convert -13 (base 4) to base 9.
-7
3 (base 15) to base 12
3
-4 (base 15) to base 7
-4
-6 (base 8) to base 11
-6
-2 (base 8) to base 11
-2
Convert 103 (base 4) to base 6.
31
29 (base 15) to base 5
124
Convert 56 (base 13) to base 2.
1000111
Convert 1 (base 14) to base 2.
1
Convert -9 (base 10) to base 6.
-13
What is 33 (base 15) in base 10?
48
What is 14 (base 13) in base 8?
21
Convert 20020 (base 3) to base 4.
2220
Convert -34 (base 12) to base 10.
-40
Convert 6 (base 13) to base 3.
20
Convert -1 (base 3) to base 10.
-1
What is 7 (base 9) in base 16?
7
3 (base 10) to base 9
3
What is 13 (base 14) in base 3?
122
Convert -1001 (base 2) to base 13.
-9
Convert -20 (base 5) to base 3.
-101
What is -1010 (base 2) in base 13?
-a
What is 110 (base 2) in base 4?
12
-2 (base 13) to base 2
-10
What is 216 (base 8) in base 10?
142
What is -2 (base 16) in base 7?
-2
Convert -15 (base 10) to base 8.
-17
Convert -1003 (base 4) to base 13.
-52
Convert 113 (base 6) to base 15.
30
5 (base 6) to base 4
11
Convert 0 (base 7) to base 13.
0
Convert 45 (base 9) to base 8.
51
1b3 (base 13) to base 8
473
-53 (base 7) to base 16
-26
12 (base 13) to base 4
33
Convert 5 (base 14) to base 3.
12
Convert -20 (base 6) to base 16.
-c
What is 60 (base 15) in base 4?
1122
3 (base 5) to base 14
3
What is -5 (base 10) in base 5?
-10
Convert 10 (base 3) to base 15.
3
Convert -11010 (base 2) to base 14.
-1c
What is 16 (base 9) in base 3?
120
42 (base 16) to base 11
60
What is 4 (base 15) in base 11?
4
Convert -6 (base 14) to base 6.
-10
What is -47 (base 14) in base 3?
-2100
Convert 4 (base 14) to base 9.
4
What is -98 (base 15) in base 16?
-8f
What is -101010010 (base 2) in base 8?
-522
What is 4 (base 7) in base 6?
4
Convert 60 (base 10) to base 6.
140
Convert 7 (base 9) to base 2.
111
What is -7 (base 12) in base 3?
-21
Convert -125 (base 7) to base 16.
-44
Convert 5 (base 15) to base 14.
5
12 (base 3) to base 2
101
0 (base 6) to base 2
0
Convert -16 (base 12) to base 6.
-30
10 (base 3) to base 6
3
Convert 12 (base 11) to base 12.
11
75 (base 8) to base 11
56
Convert -36 (base 16) to base 5.
-204
Convert -3 (base 7) to base 14.
-3
Convert 5 (base 6) to base 12.
5
What is -1 (base 4) in base 2?
-1
Convert -15 (base 7) to base 8.
-14
Convert -11 (base 8) to base 15.
-9
6 (base 8) to base 12
6
Convert -221 (base 3) to base 7.
-34
Convert -334 (base 5) to base 8.
-136
212 (base 10) to base 15
e2
What is -1 (base 16) in base 8?
-1
What is -1 (base 7) in base 9?
-1
What is -156 (base 12) in base 4?
-3102
What is 79 (base 10) in base 12?
67
What is c (base 13) in base 7?
15
106 (base 9) to base 8
127
-441 (base 7) to base 2
-11100001
-27 (base 9) to base 6
-41
Convert 11 (base 12) to base 16.
d
Convert 2 (base 6) to base 9.
2
36 (base 15) to base 11
47
-402 (base 5) to base 15
-6c
What is 0 (base 14) in base 15?
0
What is -22 (base 8) in base 4?
-102
-2e (base 15) to base 2
-101100
Convert 0 (base 10) to base 6.
0
What is 12 (base 10) in base 12?
10
Convert -6 (base 9) to base 3.
-20
Convert 314 (base 6) to base 2.
1110110
-1111 (base 3) to base 14
-2c
2 (base 12) to base 13
2
Convert -11 (base 10) to base 12.
-b
46 (base 12) to base 3
2000
What is -11 (base 9) in base 10?
-10
-145 (base 7) to base 4
-1102
Convert -13 (base 14) to base 8.
-21
126 (base 7) to base 4
1011
-24 (base 6) to base 16
-10
Convert -1320 (base 4) to base 12.
-a0
What is 222 (base 5) in base 12?
52
-12 (base 4) to base 6
-10
Convert 5 (base 10) to base 15.
5
15 (base 6) to base 11
10
211 (base 7) to base 16
6a
Convert 2 (base 8) to base 16.
2
-3 (base 10) to base 2
-11
3 (base 6) to base 2
11
102 (base 6) to base 15
28
Convert 11 (base 7) to base 3.
22
What is 3 (base 14) in base 16?
3
-1100 (base 4) to base 3
-2222
1 (base 13) to base 7
1
What is -332 (base 8) in base 4?
-3122
Convert 432 (base 5) to base 7.
225
What is 2 (base 8) in base 3?
2
1 (base 5) to base 15
1
Convert -11 (base 16) to base 11.
-16
-2 (base 5) to base 15
-2
-1 (base 10) to base 3
-1
What is 21 (base 4) in base 14?
9
Convert 27 (base 11) to base 13.
23
What is 324 (base 9) in base 13?
175
2 (base 9) to base 15
2
What is 12 (base 6) in base 10?
8
-1 (base 13) to base 2
-1
Convert 147 (base 8) to base 6.
251
-2 (base 3) to base 8
-2
-1f (base 16) to base 9
-34
b (base 12) to base 4
23
Convert -11110101 (base 2) to base 3.
-100002
11 (base 7) to base 15
8
31 (base 13) to base 16
28
17 (base 12) to base 13
16
Convert 4 (base 9) to base 13.
4
-9 (base 11) to base 7
-12
Convert -4 (base 11) to base 15.
-4
Convert 195 (base 10) to base 14.
dd
What is -10 (base 11) in base 8?
-13
23 (base 6) to base 10
15
-20 (base 3) to base 12
-6
-2012 (base 3) to base 8
-73
Convert 11111 (base 2) to base 14.
23
Convert 10 (base 10) to base 4.
22
Convert -1 (base 8) to base 6.
-1
Convert -66 (base 9) to base 2.
-111100
-b4 (base 15) to base 6
-441
What is -102 (base 3) in base 13?
-b
Convert 40 (base 6) to base 8.
30
Convert 1 (base 9) to base 8.
1
What is 10 (base 4) in base 9?
4
What is 110 (base 2) in base 3?
20
Convert 10 (base 5) to base 10.
5
What is 1 (base 9) in base 14?
1
What is -300 (base 5) in base 3?
-2210
Convert -34 (base 16) to base 13.
-40
242 (base 11) to base 4
10200
Convert 197 (base 12) to base 3.
100121
Convert -11 (base 7) to base 16.
-8
Convert 0 (base 4) to base 16.
0
Convert -1 (base 10) to base 14.
-1
36 (base 12) to base 4
222
What is -1002 (base 3) in base 9?
-32
-2e (base 15) to base 7
-62
What is 11011 (base 2) in base 7?
36
2 (base 7) to base 8
2
Convert -164 (base 11) to base 5.
-1231
-38 (base 16) to base 12
-48
What is -6 (base 11) in base 12?
-6
Convert 156 (base 7) to base 11.
82
What is 4 (base 8) in base 11?
4
-1 (base 9) to base 15
-1
12 (base 13) to base 11
14
17 (base 10) to base 14
13
What is 2 (base 6) in base 8?
2
Convert 101 (base 3) to base 11.
a
Convert 12 (base 11) to base 14.
d
What is -145 (base 9) in base 10?
-122
100 (base 2) to base 9
4
What is 57 (base 9) in base 6?
124
-1 (base 5) to base 13
-1
What is 3 (base 8) in base 2?
11
19 (base 10) to base 13
16
Convert -31 (base 6) to base 12.
-17
Convert 0 (base 5) to base 2.
0
What is 11010 (base 2) in base 4?
122
-42 (base 11) to base 10
-46
What is 57 (base 9) in base 11?
48
Convert 12 (base 4) to base 9.
6
What is -92 (base 13) in base 9?
-142
Convert a (base 14) to base 11.
a
What is -43 (base 12) in base 7?
-102
-10100 (base 2) to base 9
-22
What